12. Suppose 2*l = b*l - 55. Let k be ((-20)/(-15))/(24/198). Calculate the greatest common factor of l and k.
11
Suppose -2*m = -m - 24. Let j = -349 + 352. Let f(n) = 5*n**2 - 3*n - 4. Let p be f(j). What is the greatest common divisor of m and p?
8
Let l(f) = -6*f**3 + 18*f**2 + 96*f + 19. Let r be l(-6). What is the highest common factor of 57 and r?
19
Let y(i) = -7*i**2 + 65*i - 47. Let l be y(4). Calculate the greatest common factor of l and 3737.
101
Let w = 3426 - 3407. Suppose 5*h - o = -4*o + 867, o - 517 = -3*h. What is the greatest common factor of h and w?
19
Let y be 1*3*80/(-240). Let f be ((-2858)/(-18) - y) + (-52)/(-234). What is the greatest common divisor of f and 10?
10
Let f(p) = -4*p + 6. Let o be f(-6). Let i be (126/24)/((-2)/(-40)). What is the greatest common factor of o and i?
15
Let i be 2041/91 - (0 - (-12)/28). Let f(s) = 9*s**2 + s + 4. Let r be 18/8 - (-9)/12. Let c be f(r). What is the highest common divisor of i and c?
22
Let u = -7571 + 19368. What is the greatest common factor of 235 and u?
47
Let h(b) = 2*b**2 + 13*b + 6. Let z be h(-6). Suppose z = 6*u - 3 + 15. Let y be 0 + (u + 8 - 5). What is the greatest common factor of y and 7?
1
Let m(l) = -2*l**2 + 69*l + 467. Let t be m(40). What is the highest common divisor of t and 549?
9
Suppose 128*d + 710 - 3014 = 0. Calculate the highest common divisor of d and 1134.
18
Let q(l) = -l + 26. Suppose -6*d = 2*d - 24. Suppose 6*x + 13 = 5*x + o, -2*x + d*o - 25 = 0. Let i be q(x). Calculate the highest common factor of 24 and i.
8
Let y be 138/(-759) - 2257/(-11). Suppose y = 4*l - 407. What is the greatest common divisor of l and 51?
51
Let f be 59/295 - ((-7194)/(-10))/(-3). What is the highest common factor of 9552 and f?
48
Suppose 0 = -3*u - 3*f + 42, -2*u = -5*f + 483 - 497. Suppose -5*q = 2*z - 198 + 53, -3*q - 3*z = -96. Calculate the greatest common factor of u and q.
3
Let j(m) = 280*m**2 + m - 1. Let h be j(1). Let r(t) = 14*t - 44. Let b be r(6). What is the greatest common factor of b and h?
40
Suppose 0*n = -4*n + 4*j + 412, n - 4*j - 106 = 0. Suppose -5*g - 5*v + 55 = 0, 3*g + v - 19 = 16. Calculate the highest common divisor of g and n.
6
Let m(c) = 149*c - 146. Let x be m(1). Let y = 36 + -30. What is the highest common divisor of x and y?
3
Let t be (-8)/((-286)/(-33) + (-18)/2). Calculate the highest common factor of 1024 and t.
8
Suppose 0 = -3*m + 5*j + 552, -4*m - 2*j + 574 = -188. Suppose 4*q = 31*q - m. Let a be (24 - 1) + -2*1. What is the highest common factor of a and q?
7
Let z(f) = -2*f**3 - 3*f**2 - 14*f - 2. Suppose -7*d - 32 = -18. Let q be z(d). Calculate the greatest common divisor of 435 and q.
15
Let c be -120*12/(-18) - (6 + -11). Let l(p) = -p + 8. Let b be l(-6). Let a = -9 + b. Calculate the highest common divisor of a and c.
5
Suppose -5*p = -4*i + 82, 2*i + 8*p + 167 - 271 = 0. Let s = -146 + 258. Calculate the highest common factor of s and i.
28
Suppose -6*p + 994 = 94. Calculate the greatest common divisor of p and 4800.
150
Suppose 97*r + 612 = 100*r. Let l(z) = z**2 + 11*z + 22. Let a be l(-10). Calculate the highest common divisor of a and r.
12
Suppose c = k + 442, 0 = -3*c + 157*k - 155*k + 1324. What is the greatest common divisor of 15620 and c?
220
Suppose 247*y - 209084 = 565261. Calculate the highest common factor of y and 228.
57
Let v be (182/28 - 6)*7868. What is the highest common factor of v and 7?
7
Let m be 6/((1/(-5))/(12/30)). Let s(d) = d**3 + 11*d**2 - 9*d + 2. Let h be s(m). Let q = 46 + h. Calculate the highest common divisor of 36 and q.
12
Suppose 336 = h + 3*h. Let s = 593 + -581. Suppose -50*i - s = -51*i. What is the highest common factor of h and i?
12
Suppose -8 = 66*u - 68*u, 4*c - 352 = u. Calculate the greatest common factor of c and 445.
89
Let f be 3/(9/(-15))*3328/(-520). Calculate the greatest common factor of 268 and f.
4
Suppose 29*x + 127 = l + 25*x, -2*x = -l + 117. What is the greatest common factor of 7811 and l?
107
Let g = 6280 + -5906. Calculate the greatest common divisor of g and 306.
34
Suppose 40*u - 26 = 54. Suppose -i + 244 = u*b, -3*b - i + 352 = -3*i. Calculate the highest common factor of b and 24.
24
Let w = 162 - 161. Suppose -2*z + 66 = o, 0*o + 120 = 4*z - 4*o. Calculate the greatest common factor of w and z.
1
Suppose w - 2*w - 100 = -5*f, 2*f + 3*w - 57 = 0. Suppose 2*y = z + 66 - 21, 78 = 3*y - 5*z. What is the greatest common divisor of f and y?
21
Suppose -2*g - g + 45 = 0. Suppose -3*i - 16*i - 1672 = 0. Let j be 15/(-20) + 11/(i/(-966)). Calculate the highest common factor of j and g.
15
Let a(k) = k**2 - 27*k - 1750. Let q be a(58). What is the highest common factor of 1552 and q?
16
Let d be (-10)/(-45) + (-132)/(-378) - 3900/(-35). What is the highest common factor of 9296 and d?
112
Suppose 2*i - 6208 = 2*o, 6 - 2 = -2*o. What is the highest common divisor of 198 and i?
66
Suppose 3*l + 43 = 4*l + 3*c, 4*l = 2*c + 102. Let x = 196 - 42. What is the greatest common divisor of l and x?
14
Let f(a) = a**2 + 2*a + 2. Let z be f(-2). Suppose -126 = -90*y + 69*y. Calculate the greatest common factor of y and z.
2
Let r = -23671 + 23743. What is the highest common factor of r and 19566?
18
Suppose -46 - 962 = -6*c. Let w(z) = -z**2 + 27*z. Let k be w(21). Calculate the highest common factor of c and k.
42
Let j = 4038 + -3593. Calculate the highest common divisor of 70 and j.
5
Suppose 5*k - 40*z = -42*z + 22821, 5*z + 4548 = k. Calculate the highest common divisor of k and 54.
27
Let i(k) = -k**2 + 7*k + 8. Let l be i(6). Let p(g) = -g + 27. Let y be p(0). Let v be 9/6*36/y. What is the greatest common factor of l and v?
2
Let f = 2779 + -2748. What is the highest common divisor of f and 62?
31
Let u(t) = -t**3 + 27*t**2 + 39*t + 38. Let i be u(28). Let f = i - 118. What is the highest common divisor of 57 and f?
57
Let i = -1338 - -2223. What is the greatest common divisor of i and 60?
15
Suppose -5*b - 15*m = -6*b + 399, 5*b + m = 2527. What is the greatest common factor of b and 364?
28
Let l be 305/2*(-9 + (-2514)/(-10)). What is the highest common divisor of l and 61?
61
Suppose 5*f = 5, -o = 2*o + 3*f - 675. Suppose -106 = -v + o. Calculate the greatest common factor of 10 and v.
10
Let v be 4/((4/(-7))/(-2)). Suppose -4*y = 3*y - v. Suppose -17 = -y*d + 151. Calculate the greatest common factor of d and 21.
21
Let j = -75 + 103. Suppose -5474 = -j*x + 5*x. Calculate the greatest common factor of x and 42.
14
Suppose 2*f + 2268 = 2*i, 2271 = 2*i + 412*f - 415*f. Calculate the highest common factor of 783 and i.
87
Let h = -378 + 381. Suppose a + 0*a = -y + 94, 2*a - h*y - 168 = 0. What is the highest common factor of 45 and a?
45
Let o(l) = -6*l**3 - 9*l**2 - 13*l - 9. Let g be o(-7). Suppose 13*t = 8311 + g. What is the greatest common factor of t and 55?
55
Suppose t - 34 = -0*t - 5*m, 5*m = -2*t + 43. Suppose -f + 15 = -2*o - 34, -2*f = -o - 86. Let n = f - -40. Calculate the greatest common factor of t and n.
9
Let v be 24 - (1 - (2 - -2)). Let k be (-171)/(-57) + 55 + (-1 - -1). Suppose k = 4*u - 158. What is the greatest common divisor of v and u?
27
Suppose -55*n = -34*n - 42. Suppose -3*j - n*g = -4*g - 173, -3*j - 4*g = -149. What is the greatest common divisor of 143 and j?
11
Let o(l) = l + 14. Let u be o(-11). Let w(f) = 19*f**3 + 6*f + 2. Let z be w(u). What is the highest common divisor of z and 41?
41
Let u = -101 + 192. Let m = 72 - u. Let z(c) = -c**3 - 19*c**2 - 4*c + 36. Let p be z(m). Calculate the highest common factor of p and 28.
28
Let p = 254 + -255. Let u be (-76)/(-8) - p/(-2). Calculate the greatest common factor of u and 99.
9
Let p(c) = -16*c. Let x be p(-1). Suppose 17*g + 4048 = -21*g + 61*g. Calculate the greatest common divisor of x and g.
16
Let f(x) = x**3 + x**2 + 2*x + 3. Let u be f(0). Suppose 5*a - u*z = 50, 0*a - a = -4*z - 10. What is the highest common factor of 20 and a?
10
Let y = -240 - -242. Let s = 123 + -41. Calculate the greatest common factor of y and s.
2
Let i = 136 + -134. Let q(y) = y**i + 15 + 4 + 17 + 2*y**2 - 4*y. Let x be q(10). Calculate the greatest common factor of 37 and x.
37
Suppose 4*b - 14697 = -20*b + 11583. Calculate the highest common factor of b and 15.
15
Let c(u) = 17*u 